he remainder when 118 is divided by o.
2
Suppose -5*w + 305 = 4*f - 8*f, -2*f + 10 = 0. Let r = w - 63. Calculate the remainder when 6 is divided by r.
0
Let r = -415 - -527. What is the remainder when 668 is divided by r?
108
Suppose -2*h - 34 = -3*d - 0*d, 0 = 2*h + 2*d + 24. Let j be h*((-64)/28 + 2). Suppose -2*p = -12 - j. Calculate the remainder when 29 is divided by p.
5
Let v = -2682 - -2719. What is the remainder when 286 is divided by v?
27
Calculate the remainder when 30/24 + 2023/68 is divided by (-174)/(-10) + 2/(-5).
14
Suppose 0 = 4*q + 2*i + i - 73, 0 = -q - i + 19. Let b(h) = 2*h**3 - 13*h**2 + 17*h + 9. What is the remainder when b(6) is divided by q?
11
Let u(o) be the first derivative of -11*o**2 + 2*o - 4. Let m(n) = 4*n**2 - 2*n - 2. What is the remainder when m(-4) is divided by u(-1)?
22
Suppose -5*s + 33 = -12. Let o be (-1 + 7)*112/(-21). Let z = o - -67. What is the remainder when z is divided by s?
8
Suppose -822 = -5*a + 3*y, 93 + 569 = 4*a + 2*y. What is the remainder when a is divided by 84?
81
Let f = 15 - 1. Suppose 2 - f = 4*v. What is the remainder when 9 + -3 - (1 + v) is divided by 5?
3
Let a = -215 - -260. What is the remainder when a is divided by 2?
1
What is the remainder when (-1)/(-2)*-5 - 1649/(-34) is divided by 3?
1
Let d = 25 - 6. Let j be 146/10 - 46/(-115). Suppose -10*z = -j*z + 50. What is the remainder when d is divided by z?
9
Let h = 1375 - 1365. What is the remainder when 149 is divided by h?
9
Suppose 4*y - 98 = -5*l, -6*y = -8*y - 5*l + 44. Calculate the remainder when 148 is divided by y.
13
Let h be -1 - -1*(7 + 0). Let i = 23 - h. Let u(y) = -2*y**3 - 44*y**2 + 4*y + 97. What is the remainder when i is divided by u(-22)?
8
Let q = 2051 + -2032. Calculate the remainder when 56 is divided by q.
18
Suppose -f - 5*j - 5 = 0, -f - 3*j + 4 = 5. Suppose 0*x - l = x + 3, -2*l = f*x. Suppose 7 + x = 3*t. What is the remainder when 4 is divided by t?
1
Let x = -137 + 167. What is the remainder when 81 is divided by x?
21
Suppose 5*p - 65 = 4*p. Calculate the remainder when 256 is divided by p.
61
Suppose 0 = 47*s - 397 - 637. What is the remainder when s is divided by 5?
2
Let s(f) = 18*f - 82. Calculate the remainder when s(10) is divided by 10.
8
Suppose 202 = 13*d - 84. Calculate the remainder when 64 is divided by d.
20
Let v = -140 + 445. Calculate the remainder when v is divided by 44.
41
Suppose -6*a = -4*a - 22. What is the remainder when ((-162)/4)/(9/(-12)) is divided by a?
10
Suppose -47 = -2*n - 2*b + 3, 5*b = 4*n - 118. Calculate the remainder when 350 is divided by n.
26
Suppose 6*j - 3*j = 171. Suppose -3*g = -4*y + 96 + 132, -y = -5*g - j. Calculate the remainder when y is divided by (-356)/(-30) - 14/(-105).
9
What is the remainder when -51*2/(-6)*2 is divided by -3*11/(1 - 35/14)?
12
What is the remainder when (-3)/(-9) - (1550/(-30) + -2) is divided by 47?
7
Suppose a + 123 = 123. Suppose a*p + 60 = 6*p. Suppose -3*j + 7*j - 68 = 0. What is the remainder when j is divided by p?
7
Let r(i) = -17*i + 73. Calculate the remainder when r(-4) is divided by 16.
13
Suppose 19*p + 549 = 1328. Suppose 3*o = l - 9, l + 3*o - 37 = -o. What is the remainder when p is divided by l?
20
Let t(a) = 2*a**2 - 6*a + 3. Suppose 2*y - 2*z + 3 = 1, 5*z - 20 = 0. What is the remainder when t(y) is divided by 3?
0
Let u = 167 + -153. What is the remainder when 122 is divided by u?
10
Let j = -53 - -68. Calculate the remainder when 52 is divided by j.
7
Suppose 2*a = 48*z - 44*z + 190, 3*a = 4*z + 279. Suppose -10 + 40 = 2*u. Calculate the remainder when a is divided by u.
14
Suppose -2*k - 53 = -3*f, -67 + 68 = -k. Calculate the remainder when 77 is divided by f.
9
Let t be 0 - (2 + 0 - 5). Suppose -3*s + 54 + 53 = 4*v, -t*s = -3*v + 96. Calculate the remainder when 55 is divided by v.
26
Let z(c) = -2*c - 33. Let w be 2 + (0 - 3) + -39. Let a = -18 - w. Calculate the remainder when a is divided by z(-19).
2
Let h(d) = -d**2 - 3*d - 4. Let m be h(-2). What is the remainder when 72 is divided by -2 - (2 - 21) - m?
15
Let u(x) = -x**3 - 6*x**2 + 7*x. Let o be u(-7). What is the remainder when 82 is divided by 21*(o + 3 + -2)?
19
Calculate the remainder when (-2267)/(-15) + 91/105 + -1 is divided by 31.
27
Let d be (33/4)/((-2)/8). What is the remainder when 15 is divided by (-4 - 0)*d/44?
0
Let p(a) = 94*a - 538. Calculate the remainder when p(9) is divided by 78.
74
Let x = -22 - -24. Suppose 0 = -7*a - 30 + 58. What is the remainder when a is divided by x?
0
Suppose 3*i - 48 - 40 = -4*m, -4*i + 92 = -m. What is the remainder when (-1)/((-2)/142 - 0) is divided by i?
23
Let k(y) = 4 + y**2 + 4*y - 1 + 0*y**2. Suppose -2*h + 16 = 5*l, -3*h = -6*l + l - 49. Calculate the remainder when k(-7) is divided by h.
11
Let f = 12 - 12. Let n be (-7)/((-7)/2) + f. Suppose -w - 12 = -l, n*l + 4*w + 0 = 6. Calculate the remainder when 16 is divided by l.
7
Let q(o) = 2*o**2 + 4*o + 16. Suppose -19*y = -20*y - 5. Calculate the remainder when q(y) is divided by 13.
7
Suppose -10*q + 235 = -15. Calculate the remainder when 45 is divided by q.
20
Suppose n - 2 = 2*q, -5*n - 5 = 2*q - 7*q. Let p be 0/6 - (2 + q). Calculate the remainder when p*(30/2 - 2) is divided by 5.
3
Suppose -d + h = -1, 2*h - 8 + 2 = 0. Let q = 7 + d. Suppose 4*r - 9 = q. Calculate the remainder when 8 is divided by r.
3
Let c be 1/((-952)/(-316) + -3). Let z = 4 + c. Calculate the remainder when z is divided by 28.
27
Let p = -43 - -51. Calculate the remainder when 2 + 1/((-4)/(-76)) is divided by p.
5
Calculate the remainder when 467 is divided by (-2)/(3*3/(-54)).
11
Let z = -2117 + 2362. What is the remainder when z is divided by 27?
2
Calculate the remainder when 29 is divided by (-5 - -9) + 72/12.
9
Let m(h) = -h**2 - 14*h - 9. Let x be m(-13). Suppose 2*a + 4*r = -a + 29, -x*r + 51 = 5*a. Calculate the remainder when a is divided by 7.
4
Suppose -2*n = -4*c + 18, -n + 16 = 4*c - 5. Suppose c*g + t = 2*g + 51, t - 67 = -4*g. What is the remainder when 59 is divided by g?
11
Suppose 5*s - 2*w = 40, 2*s + 5 = 2*w + 15. Suppose -20*u + 106 + 454 = 0. Calculate the remainder when u is divided by s.
8
Let q = -6 - -2. Let h = q - -16. Let y = -1 + h. What is the remainder when 30 is divided by y?
8
Let y be 1*(-19)/2*(53 - 59). Let m = y - 53. What is the remainder when m is divided by 4?
0
Suppose -m - 8 = -3*m. Let v(r) = 9*r - 11. Calculate the remainder when v(m) is divided by 13.
12
Let i = 952 + -722. What is the remainder when i is divided by 58?
56
Let d(l) = 4*l + 115. Let b = -12 + 17. Suppose 3*a - 5*h - 14 = b, -4*a + 36 = -4*h. Calculate the remainder when d(-16) is divided by a.
12
Let c(p) = p**2 - 7*p - 10. Let x be c(8). What is the remainder when 13 is divided by 0 + x - (-3 - 7)?
5
Suppose 8*r - 916 = 884. Calculate the remainder when r is divided by 38.
35
Let z(j) = 4*j**2 + 3*j - 5. Let f be z(2). Suppose f*v = 21*v - 8. What is the remainder when 5 is divided by v?
1
Let c(h) = h**3 + 5*h**2 - 5*h + 8. Let l be c(-6). Calculate the remainder when 47 is divided by (-86)/(-5) + (l - 4)/10.
13
Suppose 2*f = 3*c - 2*c + 3, f = -2*c + 14. Suppose -c*h - h = -30. Calculate the remainder when 19 is divided by h.
4
Let n(c) = c + 5. Let t be n(-5). Suppose -3*x + t*x - 5*y = 7, 0 = x - y - 11. Suppose 373*s = 383*s - 210. What is the remainder when s is divided by x?
3
Let y(a) = 3*a**2 - 35*a + 105. Suppose -3*o = o - 160. What is the remainder when y(13) is divided by o?
37
Let b(r) = -5*r + 4. Suppose 0 = -0*n + 2*n + 6, -i - 17 = 5*n. Let t(v) = -v**2 + v + 1. Let q be t(i). Calculate the remainder when b(q) is divided by 6.
5
Let r = 545 - 345. Calculate the remainder when 93 is divided by ((-51)/15 - -3)/((-5)/r).
13
Let p = 20 + -5. Calculate the remainder when 192 is divided by p.
12
Suppose 5*a - 4*m - 95 = 0, 55 = 3*a - m - m. Let g(d) = -9 - 14*d**2 - 2*d**3 + 3 + 11*d + 9. What is the remainder when g(-8) is divided by a?
13
Suppose -2446 - 362 = -26*l. Calculate the remainder when l is divided by 56.
52
Let a(v) = 2*v. Let i(m) = -12*m - 1. Let l(r) = 14*a(r) + 2*i(r). Let h = -4 + 7. What is the remainder when l(h) is divided by 3?
1
Let w = -504 - -522. Let r(h) = -2 - h**2 + h**2 + 6*h - h**2 - 1. What is the